ime factors of r?
2, 61
Suppose 17*g - 925984 = -2*g. List the prime factors of g.
2, 1523
What are the prime factors of (-16894901)/(-657) - ((-1)/4)/(18/(-16))?
5, 37, 139
Let t be (-610)/((-32)/(-4)*(-5)/20). Let g = t + 269. List the prime factors of g.
2, 7, 41
Let t be (-4)/14 - 16/(-7) - -2. Suppose 5*d = s - 141, t*d - 338 = -24*s + 22*s. List the prime factors of s.
7, 23
Suppose -6*o - 2*t = 24969 - 181609, o = -2*t + 26115. List the prime factors of o.
5, 23, 227
Let y(v) = 101*v - 29. Let g be y(6). Suppose -11*w + 193 = -g. List the prime factors of w.
2, 5, 7
Suppose 2*g = -z - 2*z, -5*g = -2*z - 19. Suppose -t + 575 = -4*n, g*n + 3*t + 723 = -2*n. What are the prime factors of (4/(-3))/1*n?
2, 3
Let p(z) = 115*z + 22. Suppose 0 = -5*u - 2*d + 20, u = 5*d + 4 - 0. Let x be p(u). Let n = x + -329. What are the prime factors of n?
3, 17
Suppose -1815840 = 14539*m - 14569*m. What are the prime factors of m?
2, 3, 13, 97
Suppose -14*a + 11*a = -2*z + 9097, z - 4548 = a. List the prime factors of z.
4547
Suppose -3*i = -i - 5*c - 22, 0 = 5*i + 3*c - 24. List the prime factors of 26/3*i/(-10)*-10.
2, 13
Let p(y) = -31*y + 10. Let n be p(-11). Suppose 951 = 2*t + n. List the prime factors of t.
2, 3, 5
Let r = -7488 + 12034. What are the prime factors of r?
2, 2273
Let a = -10459 - -14926. What are the prime factors of a?
3, 1489
Suppose -109*b - 2331 = -106*b. Let g = -339 - b. What are the prime factors of g?
2, 3, 73
Suppose -7728 = 16*q - 0*q. Let r = q - -941. What are the prime factors of r?
2, 229
Suppose -5*a + 2*a = -2505. Suppose 3*j = -5*w + 815, 0*j - a = -5*w + j. List the prime factors of w.
2, 83
Let c(f) = -4*f + 25. Let w be -4 - (1 - (4 - 4)). Let g(x) = 7*x - 49. Let q(h) = w*c(h) - 3*g(h). List the prime factors of q(-9).
31
Suppose 170*t - 1425 = 167*t. Let v = -73 + t. List the prime factors of v.
2, 3, 67
Let j(b) = 20395*b**3 - 46*b**2 + 46*b - 1. List the prime factors of j(1).
2, 3, 11, 103
Suppose 0 = -12*v + 2844 + 1608. Suppose y - 3*c = 2*y - v, -c - 749 = -2*y. List the prime factors of y.
2, 11, 17
Let k be -3 + (22/(-4))/(5/60). Let i = 328 + k. List the prime factors of i.
7, 37
Let s(b) = -16847*b**3 - 16*b**2 - 16*b - 1. List the prime factors of s(-1).
2, 8423
Suppose 90*a - 88*a - s - 67 = 0, 3*a + 4*s = 128. List the prime factors of -6*(32/(-144) + (-1666)/a).
3, 31
Suppose -782509 = -11*z - 37*z + 35*z. List the prime factors of z.
7, 8599
Let p = 330 + -325. Suppose 2*r - 119 - 553 = -5*k, -p*k + 3*r + 692 = 0. List the prime factors of k.
2, 17
What are the prime factors of 21*(-6*44637/(-126) + (1 - -4))?
2, 3, 7457
Suppose -11058 = 8*j - 32338. Let a = j - 980. List the prime factors of a.
2, 3, 5, 7
Let t(a) = a**3 + 3*a**2 + 3*a + 1. Let k be t(-2). List the prime factors of (-17 - -18)/(1*k/(-1023)).
3, 11, 31
Let c = -4948 - -15195. What are the prime factors of c?
10247
Let f be 2*((-26)/(-10) - (-6)/(-10)). Suppose 5*c + 4*q - 39 = 0, -5 = c - 0*q + f*q. Suppose 0 = -13*v + c*v + 562. List the prime factors of v.
281
Let d = 85190 + -49581. List the prime factors of d.
7, 5087
Suppose 0 = 934*o - 1009*o + 1548064 + 354761. What are the prime factors of o?
3, 2819
Let u(g) = -g**3 - 147*g**2 - 1364*g + 512. List the prime factors of u(-138).
2, 4337
Suppose -4*m + r + 25 = 0, -23*r + 31 = 5*m - 24*r. List the prime factors of 12*(-3)/m + 809.
11, 73
Let f(v) = -4*v - 110 - v**2 + 14 + 0*v**2 + 0*v**2. Let y(g) = 3*g**2 + 12*g + 289. Let b(t) = 8*f(t) + 3*y(t). List the prime factors of b(0).
3, 11
Let q(p) = 9 + 10*p**2 + 53*p - 14*p - 30 + 15*p**2 - 6*p**2. What are the prime factors of q(-8)?
883
Let d(i) = -4*i**3 - 18*i**2 - 24*i + 1. Let z(h) = -11*h**3 - 55*h**2 - 74*h + 3. Let k(f) = 17*d(f) - 6*z(f). List the prime factors of k(11).
7, 13
Let f = 301 - 315. Let i = 157 + f. What are the prime factors of i?
11, 13
Let r = -350 - -219. Let l = r - -247. Let w = l + 1. List the prime factors of w.
3, 13
Let u(q) = q**3 + 15*q**2 + 6*q + 2. Let w be u(-16). Let f = 658 + w. What are the prime factors of f?
2, 7, 11
Suppose 42*f - 6*f - 503760 + 107004 = 0. What are the prime factors of f?
103, 107
Let r = -17755 - -11059. Let x be 8/(-20) + r/10. What are the prime factors of (1 - x/15)*3?
137
Suppose 90*q - 200669 = -25079. List the prime factors of q.
1951
Suppose 11*u = -2*u + 15115 + 137674. List the prime factors of u.
7, 23, 73
List the prime factors of (-14 + -36)/((-5)/(-540)*-1).
2, 3, 5
Suppose 39 = 5*u - 71. Let f be (-16)/6*(-12)/8. Suppose f*s + 723 - u = 5*z, 0 = 5*z - 3*s - 702. What are the prime factors of z?
3, 47
Let b(z) be the third derivative of -13*z**4/12 - 15*z**3/2 - 3*z**2. Suppose -d - 16 = y + 4*d, 3*y = -d - 34. List the prime factors of b(y).
241
Suppose 0 = -4*f + 3*i + 11 + 97, 4 = -i. Let j(y) = -y**3 + 26*y**2 + 15*y + 44. List the prime factors of j(f).
2, 389
Suppose 106*a + 8336 - 38546 = 0. Suppose 0 = t - 2*t + 49. Let h = a - t. What are the prime factors of h?
2, 59
Let l = 25999 + -11016. What are the prime factors of l?
14983
Let l = 135 - -381. Let w = 844 - l. List the prime factors of w.
2, 41
Suppose -17272 = -37*h + 34*h + m, 0 = -m + 5. List the prime factors of h.
13, 443
Let h(r) = -r**3 - 4*r - 7. Let c be h(-4). Let v = c + -64. Suppose v*y - 966 = 132. List the prime factors of y.
2, 61
Suppose -119*j - 213889 = -654427. List the prime factors of j.
2, 3, 617
Let b = 23866 - -6230. List the prime factors of b.
2, 3, 11, 19
Suppose 19 = -4*p - 117. Let v = 39 + p. Suppose 150 = -2*u + v*u. List the prime factors of u.
2, 5
Let n = -174 + 139. What are the prime factors of -3 - 2 - -5 - n?
5, 7
Suppose 0 = 2*c - 5*c + 4*w + 968, 0 = -c - 3*w + 327. Suppose 0 = -7*b + 3747 - c. Suppose 0 = -5*a + 2*a + b. List the prime factors of a.
163
Suppose 0 = 2*j + 4*b + 6, 2*b - 4 = 3*j + 7*b. Let p be -7*(-934)/(-12) + j/(-42). Let n = -343 - p. List the prime factors of n.
2, 101
Let t(r) = 67*r**3 - 5*r + 1. Suppose 225*n = 219*n + 12. List the prime factors of t(n).
17, 31
What are the prime factors of (1*4)/((-162)/(-549504))?
2, 53
Let h(c) = -4476*c**3 + 29*c**2 + 63*c - 6. What are the prime factors of h(-2)?
2, 2237
Suppose 0 = 5*t - 130541 + 23031. What are the prime factors of t?
2, 13, 827
Suppose 2*q - 104 - 4080 = -2*k, -2*k + 10448 = 5*q. Suppose -2*l - 10*l + q = 0. List the prime factors of (12/(-18))/((-4)/l).
29
Let m be ((-21426)/12)/(1/(-4 + 2)). Suppose 0 = -12*o + m + 1385. List the prime factors of o.
7, 59
Let m(t) = 9545*t - 15331. What are the prime factors of m(8)?
3, 6781
Suppose -5*d + u = -87560, -2*d + 27322 = 2*u - 7690. List the prime factors of d.
3, 13, 449
Let u = -182 - -255. Let l be -1 - (-3 + (u - -2)). Let j = 115 + l. What are the prime factors of j?
2, 3, 7
Let c(a) = 71*a + 1001. What are the prime factors of c(25)?
2, 347
Suppose 27576 = -43*i + 49*i. Suppose 0 = 69*u - 57*u - i. List the prime factors of u.
383
Let t(u) = -6*u**2 - 21*u - 7. Let j be t(-3). Let w be (2/3)/(2/18). Suppose -w*i = -j*i - 228. List the prime factors of i.
3, 19
Suppose 0 = -23*k + 26*k - 15. Suppose -g + 5*p - p + 53 = 0, k*p = -20. List the prime factors of (g - -1) + 15 + -13.
2, 5
Let k = -40 - -24. Let o be ((-3)/k*-4)/((-2)/(-184)). Let f = o - -149. List the prime factors of f.
2, 5
Let m = -123 + 125. Suppose d - 16 = -4*p, m*d - 7 = -4*p + p. What are the prime factors of d/(-3 + 11)*-380?
2, 5, 19
Suppose 1336 + 1421 = 5*h + 3*x, -4*h + 3*x = -2184. Let j = -309 + h. List the prime factors of j.
2, 3, 5
Let l(k) = 41*k + 115. Let v be l(-26). Let b = v - -1669. What are the prime factors of b?
2, 359
What are the prime factors of ((-321)/428)/((-2)/(34305 + -1))?
2, 3, 67
Let k(p) = 92*p**3 - 3*p**2 - 1540 + 3*p + 1538 + 0*p**2. List the prime factors of k(2).
2, 7, 13
What are the prime factors of ((-34154)/4*3)/((-4)/8)?
3, 17077
Suppose 89*q - 88*q - 2*p - 9213 = 0, -q + p + 9208 = 0. List the prime factors of q.
9203
Let v(k) = 647*k**2 - 106*k - 339. What are the prime factors of v(-3)?
2, 3, 967
Suppose 5*s = s. Let w(x) be the second derivative of -x**4/12 - x**3/3 + 33*x**2 - 4229*x. List the prime factors of w(s).
2, 3, 11
Suppose 3 - 59 = -14*p. Suppose p*j - 110 = -2*o, 3*j - 84 = -2*o - 0*o